common divisor of h and 9?
9
Let p = -53 + 69. Calculate the highest common divisor of 24 and p.
8
Let x(y) = 4*y - 2. Let d be (-1)/(-4) - 14/(-8). Let b be x(d). Calculate the greatest common divisor of b and 66.
6
Suppose 0 = 4*r + 18*h - 13*h - 102, -r - 3*h = -22. Suppose -q + 333 - 25 = 0. Calculate the highest common divisor of q and r.
28
Suppose 2 + 0 = d. Let t be 0*1/d + 5. Let b be (-110)/4*(-8)/t. What is the highest common factor of b and 4?
4
Let z be (1 + 1)*2*8. Suppose 4*a - 4*x = -3*x - 54, 0 = 4*x - 8. Let h = z + a. Calculate the highest common factor of h and 171.
19
Suppose 2*w - 4 = -0. Suppose r - 126 = -w*r. Let f = -32 - -46. What is the highest common divisor of f and r?
14
Let c be 299/(-26)*(-3 + 1). What is the highest common factor of 23 and c?
23
Let s(j) be the first derivative of 2*j**2 - 7*j - 3. Let g be s(4). What is the highest common divisor of g and 6?
3
Let b(m) = -m**2 - 8*m - 3. Let h be b(-6). Let z(y) = -y**2 + 16*y + 17. Let r be z(14). What is the greatest common divisor of r and h?
9
Let s = -2 + 3. Let q(w) = w**3 + 6*w**2 + 5. Let k be q(-6). Suppose -4*h + k*j + 7 = 0, -j + 41 - 4 = 4*h. What is the highest common factor of s and h?
1
Suppose 7*w = 2*w. Let s be (85 - (w - -2)) + 1. Suppose -n + 15 = 3*y, -n - 1 = -4*y - 9. Calculate the greatest common factor of n and s.
12
Let n(v) = 12*v - 3. Let h be (3 + -4)/((-1)/2). Let s be n(h). What is the highest common factor of 168 and s?
21
Let v be (60/21)/(4/14). What is the highest common divisor of v and 40?
10
Suppose 3*v - 116 = -t, -3*v - 2*v = -4*t - 216. Calculate the greatest common divisor of 10 and v.
10
Let p = -16 + 17. Suppose -3*l - 2*a + 14 = -l, 3*a - 17 = -2*l. What is the greatest common factor of l and p?
1
Suppose 4*a = a + 216. What is the highest common divisor of a and 16?
8
Let s = 38 + -22. Let i(d) = 23*d + 11. Let q be i(3). What is the greatest common divisor of q and s?
16
Let k(p) = p**2 + 9*p + 4. Let y be k(-10). What is the highest common divisor of 112 and y?
14
Suppose -8*r = -4*r - 104. What is the greatest common factor of 65 and r?
13
Suppose 0*x + 49 = 3*z + 2*x, -2*z + 4*x = -6. What is the greatest common divisor of z and 143?
13
Let q(f) = 0*f + 2 + 9 + 2*f**2 + f - f**2. Let g be q(0). What is the greatest common factor of g and 121?
11
Suppose -453 = -9*j + 519. Calculate the highest common divisor of 4 and j.
4
Let t(i) = 6 + 2*i**2 - 3*i**2 + 5 + 7. Let d be t(0). Calculate the highest common divisor of 45 and d.
9
Suppose -33 = -4*s + 107. Suppose 3*d - s = -2*d. What is the highest common factor of 14 and d?
7
Let r(b) = 29*b**2 - 1. Let n be r(-1). What is the highest common factor of n and 7?
7
Suppose -5*f + 124 = -3*f. What is the greatest common divisor of 31 and f?
31
Let q be 4/16 + 22/8. Suppose 0*s - 12 = -q*s. What is the greatest common factor of 12 and s?
4
Let j = -21 - -21. Suppose 3*l - l - 20 = j. Let c(v) = 4*v. Let b be c(5). What is the greatest common factor of l and b?
10
Suppose -3*d + 15 = 2*d. Let y(u) = -2 + 3 - u + 2*u + 22*u. Let g be y(d). What is the highest common divisor of g and 10?
10
Suppose -3*l + c = -35 - 21, 0 = c + 2. Suppose 0 = 4*p - p - 81. What is the highest common divisor of p and l?
9
Let r be (-2)/10 + 3605/25. Suppose 5*s = -2*m - 0*m + 12, -20 = 5*s. Calculate the greatest common divisor of r and m.
16
Suppose 2*t = -4*a + 70, t + 4*a - 33 = -4. Calculate the greatest common factor of 369 and t.
41
Suppose 4*m = 363 - 135. Let t = 18 + m. What is the greatest common divisor of 30 and t?
15
Suppose 17*g - 8*g - 162 = 0. Let q = 0 + 3. Suppose -a - 55 = -q*j, -3*a - a + 68 = 4*j. What is the greatest common divisor of j and g?
18
Let m = 158 - 126. Calculate the highest common factor of m and 8.
8
Let j = 26 + 14. Calculate the highest common divisor of 10 and j.
10
Let x(m) = 2*m + 5. Let a be x(8). What is the highest common factor of 231 and a?
21
Suppose -5*f + 36 = -9. Let c(p) = p**2 - p + 1. Let a be c(0). Let h be a/(0 + (-4)/(-324)). What is the greatest common divisor of h and f?
9
Let f be 3/(-6)*14 + 1. Suppose -r = -2*o - 1 - 7, 3*o + 3*r + 30 = 0. Let i be (-214)/f - o/(-9). What is the greatest common divisor of i and 7?
7
Suppose 3*g - 53 + 2 = 0. Calculate the highest common divisor of g and 187.
17
Suppose -4*u = -u. Suppose -s + u*s + 14 = 0. What is the highest common factor of s and 14?
14
Suppose -4*n = s - 17, -4*s = 3*n - 31 - 24. What is the highest common factor of 65 and s?
13
Let p = 18 - 16. Calculate the greatest common divisor of 3 and p.
1
Let j(u) = -u**3 - u**2 - 4*u - 2. Let z be j(-3). Let g = -100 - -59. Let m be -2*1/(-2) - g. What is the greatest common factor of m and z?
14
Suppose -5*t + 10*t = -15. Let k be (1 + 9)/(-2 - t). Suppose -14 = -v + 26. Calculate the greatest common divisor of v and k.
10
Suppose 83 = -5*j + 283. Let h = -18 + -8. Let v = -10 - h. What is the greatest common factor of j and v?
8
Let f = 21 - 15. Let t(y) = y**3 - 4*y + 3. Let r be t(3). Calculate the highest common factor of r and f.
6
Let z(q) = 12*q. Let j be z(4). Suppose -2*u = c - 24, -u + 4*c - 12 = -2*u. Calculate the highest common factor of u and j.
12
Let y(d) = 5*d**2 + 9*d - 30. Let b be y(5). What is the highest common factor of 28 and b?
28
Let t(j) be the third derivative of -j**4/6 + j**3/6 - 2*j**2. Let l be t(3). Let d be (0 + l)*(-2)/2. Calculate the highest common factor of 11 and d.
11
Suppose 4*f + j = -40, -f + j + 7 = -2*f. Let a(b) = -b**3 - 11*b**2 - 3*b - 12. Let o be a(f). Calculate the greatest common factor of o and 21.
21
Let g be (-3)/(-7) + (-52)/28*-73. Calculate the greatest common factor of g and 34.
34
Let t(h) = h**3 + 7*h**2 - 11*h - 2. Let w be t(-8). Let m = -8 + w. Suppose 3*c - 10 = m. What is the highest common divisor of c and 80?
8
Let y = -9 - -15. Suppose 3 + 27 = -5*v. Let d be (360/50)/(v/(-40)). What is the greatest common factor of d and y?
6
Let n(z) = -z**2 - 4*z + 6. Let v be n(5). Let t = v + 60. What is the highest common divisor of t and 189?
21
Let x(l) = 16*l**2 - 14 - 13*l**2 - l**3 + 13*l + 2*l**3 - 15*l**2. Let c be x(11). Calculate the greatest common factor of 2 and c.
2
Let f = 125 + 77. Let n = -114 + f. Let h be -1*(-6 + (-2)/1). What is the greatest common divisor of n and h?
8
Let h(c) = 2*c + 1. Let f be h(3). Suppose q + 4*x + 314 = 6*q, 0 = -4*x - 4. Let a = -34 + q. Calculate the highest common divisor of a and f.
7
Suppose -5*t + 175 = -0*b + 5*b, -3*t + 6 = 0. Calculate the highest common factor of 66 and b.
33
Let a = -27 - -93. What is the highest common factor of 6 and a?
6
Let w = -2 + -4. Let t(s) = -s**2 - 8*s + 3. Let i be t(w). Let v be 4/(-10) + (-34)/(-10). What is the highest common factor of i and v?
3
Let s be (3/6)/(2/(-4)). Let l be (-6)/(s + (-26)/(-30)). What is the highest common divisor of 5 and l?
5
Let f(x) = 3*x**2 - 42*x - 1. Let u be f(17). What is the greatest common factor of 19 and u?
19
Suppose 0 = -2*j - 2, 4*r + 3*j = 14 + 35. Let s = 21 - r. Calculate the greatest common factor of 88 and s.
8
Let g be 8/(-1 + 22/20). Suppose -3*t + 15 = 2*t. Let q be 6/t + 0 + 8. Calculate the greatest common factor of g and q.
10
Suppose 3*i - 62 = -l + 5*i, 3*l - 3*i = 201. Suppose -3*j = 5*s + 167, -s + 2*j = 5*j + 31. Let a = s - -52. What is the highest common divisor of l and a?
18
Suppose 2*s = 3*s - 3*r - 50, -4*s + r + 178 = 0. Calculate the greatest common divisor of 11 and s.
11
Let i = -9 + 42. What is the highest common divisor of 3 and i?
3
Let j = 2 + 3. What is the greatest common divisor of 35 and j?
5
Let o(y) = -y**2 + 6*y. Let b be o(5). Let i = 8 - 3. Suppose 5*q + 25 = 3*v - 2*v, -5*v + 65 = -i*q. What is the greatest common divisor of v and b?
5
Suppose 3*c = r - 2*c - 129, -3*r + 467 = c. What is the greatest common factor of 14 and r?
14
Let z = -50 - -82. What is the greatest common divisor of z and 4?
4
Let n be (-6)/21 + (-16524)/(-14). Suppose -q + n = 4*q. Suppose -4*c - 60 = -q. What is the greatest common divisor of c and 4?
4
Suppose 154 = o + o. Let p(s) = 4*s**2 - 39*s - 3. Let m be p(10). What is the greatest common factor of o and m?
7
Let n(o) = -4*o**2 - 6*o - 3. Let g be n(-2). Let q be (g + 3)*(-11